y 893?
257
Calculate the remainder when 402714 is divided by 117.
0
What is the remainder when 1499 is divided by 126?
113
Calculate the remainder when 1639 is divided by 117.
1
Calculate the remainder when 8161 is divided by 758.
581
Calculate the remainder when 75361 is divided by 81.
31
Calculate the remainder when 11210 is divided by 175.
10
What is the remainder when 10406 is divided by 217?
207
Calculate the remainder when 1169 is divided by 377.
38
What is the remainder when 362702 is divided by 254?
244
Calculate the remainder when 73357 is divided by 382.
13
What is the remainder when 4202 is divided by 191?
0
What is the remainder when 1179830 is divided by 17?
13
Calculate the remainder when 1820 is divided by 25.
20
Calculate the remainder when 77871 is divided by 496.
495
Calculate the remainder when 74591 is divided by 288.
287
Calculate the remainder when 6203 is divided by 312.
275
What is the remainder when 21829 is divided by 703?
36
Calculate the remainder when 21244 is divided by 520.
444
What is the remainder when 20073 is divided by 5?
3
What is the remainder when 43507 is divided by 596?
595
Calculate the remainder when 7275 is divided by 1454.
5
What is the remainder when 8021 is divided by 363?
35
What is the remainder when 4579 is divided by 1396?
391
What is the remainder when 8625 is divided by 72?
57
What is the remainder when 23657 is divided by 7841?
134
Calculate the remainder when 12452 is divided by 32.
4
Calculate the remainder when 3813 is divided by 146.
17
What is the remainder when 63440 is divided by 961?
14
What is the remainder when 22174 is divided by 26?
22
What is the remainder when 63218 is divided by 238?
148
What is the remainder when 114498 is divided by 19075?
48
What is the remainder when 137232 is divided by 15?
12
Calculate the remainder when 47351 is divided by 469.
451
What is the remainder when 580933 is divided by 15?
13
Calculate the remainder when 20280 is divided by 1067.
7
What is the remainder when 365 is divided by 107?
44
What is the remainder when 613 is divided by 43?
11
What is the remainder when 3416 is divided by 3387?
29
What is the remainder when 3392 is divided by 3387?
5
Calculate the remainder when 19590 is divided by 63.
60
Calculate the remainder when 19799 is divided by 66.
65
Calculate the remainder when 1546 is divided by 467.
145
What is the remainder when 159564 is divided by 58?
6
Calculate the remainder when 248862 is divided by 9571.
16
Calculate the remainder when 58882 is divided by 162.
76
What is the remainder when 2340040 is divided by 745?
740
Calculate the remainder when 2314 is divided by 127.
28
What is the remainder when 34608 is divided by 626?
178
Calculate the remainder when 6735 is divided by 41.
11
Calculate the remainder when 252836 is divided by 778.
764
What is the remainder when 6876 is divided by 397?
127
What is the remainder when 210238 is divided by 23359?
7
Calculate the remainder when 7434 is divided by 323.
5
What is the remainder when 69290 is divided by 17?
15
Calculate the remainder when 562138 is divided by 180.
178
Calculate the remainder when 903460 is divided by 1181.
1176
Calculate the remainder when 92212 is divided by 327.
325
What is the remainder when 8405 is divided by 43?
20
Calculate the remainder when 21954 is divided by 70.
44
Calculate the remainder when 24902 is divided by 519.
509
Calculate the remainder when 31293 is divided by 921.
900
Calculate the remainder when 1812 is divided by 154.
118
What is the remainder when 453685 is divided by 90734?
15
Calculate the remainder when 118840 is divided by 699.
10
Calculate the remainder when 89248 is divided by 21.
19
Calculate the remainder when 423305 is divided by 24.
17
What is the remainder when 47577 is divided by 253?
13
What is the remainder when 48251 is divided by 12?
11
What is the remainder when 1329 is divided by 14?
13
What is the remainder when 27398 is divided by 9102?
92
Calculate the remainder when 610 is divided by 264.
82
Calculate the remainder when 162176 is divided by 16216.
16
What is the remainder when 907555 is divided by 43?
40
What is the remainder when 1017 is divided by 11?
5
What is the remainder when 889219 is divided by 21?
16
What is the remainder when 22976 is divided by 105?
86
Calculate the remainder when 6686 is divided by 163.
3
Calculate the remainder when 115946 is divided by 31.
6
What is the remainder when 1398 is divided by 147?
75
What is the remainder when 29799 is divided by 14893?
13
Calculate the remainder when 19520 is divided by 723.
722
What is the remainder when 364353 is divided by 22?
11
Calculate the remainder when 11243 is divided by 56.
43
Calculate the remainder when 137340 is divided by 25.
15
Calculate the remainder when 9399 is divided by 491.
70
What is the remainder when 218206 is divided by 31?
28
Calculate the remainder when 2082 is divided by 654.
120
What is the remainder when 317393 is divided by 575?
568
What is the remainder when 8392 is divided by 1656?
112
Calculate the remainder when 177147 is divided by 148.
139
What is the remainder when 10540 is divided by 702?
10
What is the remainder when 12387 is divided by 38?
37
What is the remainder when 28051 is divided by 305?
296
Calculate the remainder when 7147 is divided by 4.
3
Calculate the remainder when 8556 is divided by 285.
6
Calculate the remainder when 10523 is divided by 215.
203
Calculate the remainder when 31669 is divided by 31574.
95
What is the remainder when 133677 is divided by 48?
45
Calculate the remainder when 145323 is divided by 53.
50
Calculate the remainder when 59129 is divided by 101.
44
Calculate the remainder when 450876 is divided by 13.
10
What is the remainder when 5061099 is divided by 47?
45
What is the remainder when 3122 is divided by 6?
2
Calculate the remainder when 5701 is divided by 347.
149
Calculate the remainder when 1434617 is divided by 125.
117
Calculate the remainder when 118754 is divided by 154.
20
Calculate the remainder when 8382 is divided by 287.
59
What is the remainder when 28082 is divided by 4679?
8
Calculate the remainder when 3221 is divided by 2221.
1000
Calculate the remainder when 295832 is divided by 89.
85
Calculate the remainder when 289339 is divided by 192.
187
What is the remainder when 15221 is divided by 435?
431
What is the remainder when 711797 is divided by 100?
97
What is the remainder when 12281 is divided by 767?
9
Calculate the remainder when 2466664 is divided by 54.
52
What is the remainder when 24696 is divided by 4094?
132
What is the remainder when 978056 is divided by 11?
2
Calculate the remainder when 45727 is divided by 86.
61
What is the remainder when 40843 is divided by 13610?
13
Calculate the remainder when 174362 is divided by 43.
40
Calculate the remainder when 4132507 is divided by 36.
31
Calculate the remainder when 8669 is divided by 620.
609
Calculate the remainder when 5443 is divided by 363.
361
Calculate the remainder when 3438 is divided by 3412.
26
Calculate the remainder when 10610 is divided by 5199.
212
Calculate the remainder when 4587 is divided by 143.
11
What is the remainder when 5061 is divided by 411?
129
Calculate the remainder when 68875 is divided by 74.
55
Calculate the remainder when 65173 is divided by 55.
53
What is the remainder when 6684 is divided by 1596?
300
What is the remainder when 8568 is divided by 65?
53
What is the remainder when 14732 is divided by 2914?
162
What is the remainder when 20925 is divided by 56?
37
What is the remainder when 7238 is divided by 160?
38
What is the remainder when 9454449 is divided by 12?
9
Calculate the remainder when 221435 is divided by 24602.
17
What is the remainder when 43404 is divided by 3096?
60
What is the remainder when 8814 is divided by 22?
14
What is the remainder when 39309 is divided by 468?
465
Calculate the remainder when 12689 is divided by 12.
5
What is the remainder when 42606 is divided by 453?
24
What is the remainder when 946015 is divided by 1739?
1738
What is the remainder when 6292 is divided by 1048?
4
Calculate the remainder when 4503 is divided by 1437.
192
Calculate the remainder when 69963 is divided by 39.
36
Calculate the remainder when 298726 is divided by 3